isor of 56 and m.
28
Let p be 626/18 - (-2)/9. Let r be 15/(-10)*56/(-6). Suppose 0 = x - r. What is the highest common factor of x and p?
7
Let k be (0 - -3) + (0 - -2). Let p be 26/10 - (-2)/5. Suppose 0 = -j - 0*j - 1, 0 = -3*r - p*j + 72. Calculate the highest common divisor of k and r.
5
Let i = -4 - -3. Let g = i - -5. Let f = 15 + -11. Calculate the greatest common factor of g and f.
4
Suppose 2*x + 2 = 12. Suppose 56 = 3*r - z + 4, x*r + z - 76 = 0. Calculate the greatest common divisor of 24 and r.
8
Suppose 0*l = 2*l - 4, -3*l = -h + 6. Let d = 8 - 6. Calculate the greatest common divisor of d and h.
2
Suppose -p - 109 = -2*c + 6*c, -3*p - 145 = 5*c. Suppose -4*d = d + 220. Let q = c - d. What is the greatest common factor of q and 27?
9
Let g = 6 + -3. Suppose 5*m = 3*b + 166 + 80, 4*b = -2*m + 88. Suppose 2*c + m = 4*c. Calculate the greatest common divisor of g and c.
3
Let u(p) = -24*p - 8. Let n(g) = 25*g + 7. Let j(w) = 2*n(w) + 3*u(w). Let m = -21 - -14. Let a be j(m). Calculate the highest common divisor of a and 16.
16
Suppose -5*o = -5*p - 10, -2*p = -6*p - 4*o + 24. Calculate the highest common factor of p and 22.
2
Let y = -2 + 16. What is the greatest common divisor of 42 and y?
14
Let t(j) = 20 - 4 + 2*j + j. Let k(i) = i + 4. Let s(h) = -9*k(h) + 2*t(h). Let y be s(-4). Calculate the highest common divisor of y and 2.
2
Suppose -q = 4*x - 53, -4*q - 2*x = -2*q - 94. Calculate the highest common factor of 18 and q.
9
Let u = 324 + -211. Let r = 225 - u. Calculate the greatest common factor of r and 14.
14
Let m = 12 - 10. Let x be 2/((m - 5)/(-6)). Let v be (-6)/x + 75/6. Calculate the greatest common factor of v and 1.
1
Let z = -11 - -13. Calculate the greatest common factor of 4 and z.
2
Let w be (-1)/(-2) + 30/4. Suppose -q = 3*q - w. Suppose 4*f - f + 3*j - 213 = 0, 2*j = -q. What is the greatest common divisor of 8 and f?
8
Suppose -3*v - 6 = 3. Let o be (-3)/v*-2*-2. Let s be ((-99)/3)/((-6)/8). Calculate the highest common divisor of o and s.
4
Suppose -10*c - 218 = -678. Calculate the highest common divisor of 322 and c.
46
Let f(g) = -2*g + 9. Let x be f(7). Let p(t) = t**3 + 8*t**2 + 6*t - 5. Let s be p(x). What is the greatest common divisor of 5 and s?
5
Let l(i) = -i**3 + 10*i**2 + 13*i + 14. Let m = 20 - 9. Let y be l(m). Calculate the highest common divisor of y and 9.
9
Let x = -142 - -152. What is the highest common divisor of x and 6?
2
Suppose z - 4 = -i - i, -5*z + 20 = i. Let y be 5*(i - (-18)/10). What is the greatest common factor of y and 99?
9
Suppose -5*i = -0*v + v - 75, -5*i - 5*v + 95 = 0. Suppose 0 = 2*r - 10 - i. What is the greatest common divisor of 36 and r?
12
Let o(r) = r**2 - 2*r**2 - 8*r - 5*r + 10. Suppose 239 = -13*q + 70. Let t be o(q). What is the greatest common factor of 15 and t?
5
Let s(b) = 112*b**2 - b. Let z be s(1). Suppose -4*g - z - 41 = 0. Let f be g/(-6) - 2/6. What is the greatest common divisor of f and 18?
6
Suppose -6 = -3*g + 18. Calculate the highest common divisor of 16 and g.
8
Let f be 158/6 - 4/(-6). Suppose 3*y - f = -0*y. Suppose 2*g - 3 = 51. Calculate the greatest common factor of y and g.
9
Let b(u) = -1 + 2 + 17*u - 5*u. Let g be b(1). Calculate the highest common divisor of 143 and g.
13
Let c = 4 + 11. Let m be (25/c)/((-1)/(-81)). Calculate the highest common factor of 15 and m.
15
Suppose -6*a + 2*a - 24 = 0. Let x(p) = -p**3 - 5*p**2 - 2*p - 4. Let c be x(a). Calculate the highest common factor of c and 4.
4
Suppose 0 = 4*i - 1 + 21, -3*i = -3*s + 9. Let v be (-148)/(-12) - s/(-6). What is the greatest common divisor of v and 24?
12
Suppose 3*d = -4*m + 65, -2*m = -5*d - 0*d - 13. Suppose 7*i = 3*i + 1044. Let b = -163 + i. What is the highest common factor of m and b?
14
Let g(f) = f**2 - 11*f - 18. Let t be g(14). Calculate the highest common divisor of 36 and t.
12
Let r(m) = 13*m + 1. Let t be r(3). Calculate the highest common divisor of 10 and t.
10
Let b be (-2)/3 + 110/(-33). Let l = b + 13. Calculate the highest common divisor of 9 and l.
9
Suppose -4*t = -0*t - 240. Calculate the highest common divisor of 420 and t.
60
Let o be (54/(-12))/((-2)/8). Calculate the highest common divisor of o and 3.
3
Suppose 144 = 4*j - 5*h - 136, 4*j = -h + 256. Calculate the greatest common divisor of j and 5.
5
Let k be (1 - -1) + -6 + 10. Suppose 16 = -4*j + k*j. Calculate the highest common factor of 64 and j.
8
Suppose -2*t - 8 + 0 = 0, -3*l + 106 = -4*t. What is the highest common divisor of l and 15?
15
Let r(w) = -w + 12. Let i be r(7). Suppose -5*t + 4*y + 124 + 26 = 0, -i*t - 3*y + 185 = 0. What is the greatest common divisor of 85 and t?
17
Let j(l) = l**2 - l - 1. Let p be j(2). Let w(u) = 8*u**3 + u**2 - u + 1. Let y be w(p). Calculate the greatest common divisor of 63 and y.
9
Let u be 8/16 - 22/4. Let t be (u/(-2))/(3/18). Calculate the highest common divisor of t and 10.
5
Let r = -6 + -16. Suppose 4*p - 3*y = -153, 3*p - 2*y - 66 = 5*p. Let t = r - p. Calculate the greatest common divisor of 14 and t.
14
Let s be (90/(-25))/((-2)/10). Suppose o - 3*t + 1 + 6 = 0, -3*o + 4*t - 6 = 0. Suppose -o*d - 3 + 7 = 0. Calculate the highest common divisor of s and d.
2
Suppose 5*j - 2*b = 3*b + 45, 3*b = 4*j - 32. Let f be (-1)/(-2)*(1 + j). Let n be (-1 + 0)/(2/(-6)). What is the highest common divisor of n and f?
3
Let s = 21 + -20. Calculate the highest common divisor of s and 32.
1
Let l = -2 + 11. Let o be l/(-1*2/(-6)). Calculate the highest common factor of 9 and o.
9
Let r(i) = 2*i - 2*i + 12 + i. Let l be r(-10). What is the highest common divisor of l and 10?
2
Let v = 25 - 11. Suppose 6*u = u. Suppose -r - 127 = -i + 4*r, -5*r - 15 = u. What is the greatest common divisor of v and i?
14
Let x be 2/6 - 414/(-54). Let d = 147 + -75. What is the greatest common divisor of x and d?
8
Let y = 24 + 3. What is the highest common factor of 27 and y?
27
Let a = 16 + -14. Suppose a = 3*l - 19. What is the greatest common divisor of l and 28?
7
Let c(n) be the third derivative of n**5/60 + 5*n**4/24 - 6*n**2. Let p be c(-6). What is the highest common factor of p and 3?
3
Let u be (-192)/20 - (-3)/5. Let v = u - -2. Let s(i) = -i**2 - 8*i - 1. Let a be s(v). What is the greatest common factor of 6 and a?
6
Let q = -35 + 25. Let j be 5/((1/5)/1). Let m = j + q. Calculate the greatest common factor of 6 and m.
3
Let u = -1 + 5. Let c(v) = v + 6. Let t(b) = b + 7. Let h(m) = -6*c(m) + 5*t(m). Let p be h(-7). Calculate the greatest common factor of u and p.
2
Let m be 0 + 1 - (-6)/2. Let f be -2*9/(-6) + -3. Suppose f = -t + w + 9, m*t + t - 13 = -3*w. Calculate the greatest common factor of t and 20.
5
Let w(b) = 6*b - 3. Let j be 1 + 1 + (0 - 0). Let y be w(j). Let r be 2/6 - (-2)/3. Calculate the highest common divisor of y and r.
1
Let w be (-1 - 1)*145/10. Let g = w + 50. What is the greatest common factor of 3 and g?
3
Let h(d) = 7*d - 18. Let c be h(4). Calculate the greatest common factor of c and 70.
10
Let f(a) = -a**2 + 7. Let z be f(0). What is the greatest common factor of z and 7?
7
Let v be (-4)/(-2 + 6)*-3. Calculate the greatest common factor of 12 and v.
3
Let r be 288/27*(-21)/(-2). Calculate the greatest common divisor of r and 16.
16
Suppose -18*s = -13*s - 120. What is the greatest common divisor of s and 120?
24
Let g = -32 + 47. Suppose -j = 2*j - 2*y - 727, 974 = 4*j - 5*y. Let s = 406 - j. What is the highest common factor of g and s?
15
Let h(v) = v**2 + 24. Let c be h(0). What is the greatest common divisor of 12 and c?
12
Suppose w - 16 = -3*b + 5*b, -56 = -5*w + 2*b. Calculate the greatest common divisor of 2 and w.
2
Suppose 960 = 18*x - 2*x. What is the greatest common factor of x and 80?
20
Suppose -5*c + 168 = -3*c. Suppose 0 = -3*o - 5*x + 6, 3*o - 2*x = 2*o + 13. Suppose 5*m = o*m - 42. Calculate the highest common divisor of c and m.
21
Suppose 700 = 4*u - 2*d, 0 = -5*u + 4*u + d + 174. Calculate the highest common factor of 11 and u.
11
Let c(p) = p**2 - 8*p - 25. Let w be c(11). Calculate the greatest common divisor of 24 and w.
8
Suppose -3*w = -2*x + 40, 3*x - w - 60 = -0*x. What is the highest common factor of x and 30?
10
Suppose -w = -2*v, 0*v + 3*v - 21 = -2*w. Suppose 2*j = m - 27 + w, 4*m = -4*j + 12